composite?
True
Suppose 32*v + 12167 = 55*v. Is v prime?
False
Let z be (-177)/(1*(-4 - -3)). Suppose 0 = 2*x + 467 - z. Is (-2)/(-2) - (-3 + x) prime?
True
Let o be (-14234)/88 + 2/(-8). Is -1 - 0 - o/12*92 composite?
True
Is (4 + 5 - 4) + 24193 + -1 composite?
False
Suppose -1257 = -5*c - 6032. Is (8/10)/((-2)/c) prime?
False
Suppose -1684*g + 1690*g - 20154 = 0. Is g a prime number?
True
Is (-8165)/(-6) - (-2)/12 composite?
False
Let n = -25 + 30. Suppose -5*x - 9 = -z - 4*x, 35 = n*z - 3*x. Is (-3)/12 - (-333)/z composite?
False
Is 54/9*1*(-32633)/(-6) prime?
True
Suppose -204 = 10*g - 4*g. Is (g/(-3))/((-12)/(-126)) a prime number?
False
Let v(g) = 33148*g**3 - 12*g**2 + 13*g. Is v(1) a composite number?
False
Suppose -3*j + 8*j - 6135 = 0. Suppose -6*d - j = -9*d. Is d a prime number?
True
Let a = -30 - -16. Is (-648)/a + (-22)/77 a composite number?
True
Let g be 2/6 + (-21)/9. Let s(t) = 2*t**2 + 4*t + 1. Let w be s(g). Is w*((-16)/4 + 795) a composite number?
True
Let c(k) = 1236*k**3 - 3*k**2 + 3*k - 1. Let x be c(1). Suppose -3*j = 3*b + b - x, 3*b = -2*j + 824. Is j a composite number?
False
Let u(z) = 17*z**2 - 29*z - 97. Is u(-24) a composite number?
False
Is (-2 + -2817)/(17 - 18) a composite number?
False
Let s = 3 - 1. Suppose s*j + 5*j = 9653. Is j composite?
True
Suppose 60*n + 144908 = 94*n. Is n a composite number?
True
Let n be -6616 + 46 + 1 + -1 + -3. Is 28/3*n/(-28) prime?
False
Let c(r) be the third derivative of 0*r + 0*r**4 + 0*r**5 + 1/120*r**6 - 6*r**2 + 0 + 649/6*r**3. Is c(0) a prime number?
False
Let u = 42 - 20. Let v = u - 24. Is (-167)/((v - 1) + 2) a composite number?
False
Let w = 9 - -5. Let d = w + -21. Is 12/42 - 96/d composite?
True
Let t(s) = -104*s + 65. Is t(-33) a prime number?
False
Suppose -4*v = 4*n - 32, 5*v + 4*n - 36 = -0*n. Is 962 - (v + -1 - -1) composite?
True
Suppose 0 = -22*d + 131541 - 49283. Is d composite?
False
Let l(h) = h**3 - 7*h**2 + 2*h - 13. Let a be l(7). Let d(t) = 326*t - 1. Let r be d(a). Suppose -i = -5*p - 4*i + 790, 2*p = -3*i + r. Is p a prime number?
False
Let h = 21 + -17. Is -634*(35/10 - h) a composite number?
False
Let m be 6*6/(-8)*(-10)/15. Suppose 2*d + 2685 = 5*k, m*k + 2*d - 1060 = k. Is k prime?
False
Let g = -3093 - -4826. Is g a composite number?
False
Suppose -k + 30 = 4*o - 62, 5*k = 2*o + 372. Let r = k + -47. Suppose -2*p + 159 = r. Is p composite?
True
Let z be (-2216)/6 + (50/15 - 3). Let i = z - -686. Is i prime?
True
Let j(d) be the second derivative of -17*d**5/10 - d**3/6 + d**2 - 13*d. Is j(-3) a composite number?
True
Let p = -536 - -983. Is p prime?
False
Suppose 4*s + 350 + 5402 = 0. Is s*(1 + 3*(-2)/4) composite?
False
Let w = -33 - -83. Let x = -12 + w. Suppose 2*l + x - 204 = 0. Is l prime?
True
Let g(j) = -2*j + 5. Let s(z) = z - 2. Let u(w) = -2*g(w) - 5*s(w). Let v be u(-1). Is 1*2 + 215/v a composite number?
True
Suppose 2*i - 3*t = i + 4180, 0 = -4*i - 2*t + 16706. Is i a composite number?
False
Suppose 2*o = -6*j + j + 5549, 2*j + 8333 = 3*o. Is o composite?
False
Suppose 7*d - 4*d - 3048 = 0. Suppose -6*v + 4*v + d = 0. Let t = 863 - v. Is t a prime number?
False
Let b(q) = -2*q + 0*q + 6*q - 3*q - 4. Let d be b(5). Is -31*(1 + -1 - d) prime?
True
Suppose 3*m + 181767 = 3*a, -7*m + 3*m = 0. Is a composite?
False
Let w(m) = -3*m**3 - 9*m**2 - 5*m + 8. Let r be (-124)/(-10) - 4/10. Suppose -7*n = -r + 61. Is w(n) a composite number?
False
Suppose c - 40 = -0*c - z, 4*c = -3*z + 156. Suppose -c = n + 46. Let f = n - -239. Is f composite?
False
Let q = 24542 + -12765. Is q a composite number?
False
Suppose -3*i + 0*m + 7 = -m, 4*m = -2*i + 14. Let o be (2/i + 2)*-6. Let v = o - -35. Is v prime?
True
Let u be (-9)/(18/(-8))*1. Suppose n - u*n = -1401. Is n prime?
True
Let u be (24/(-40))/((-2)/10). Let t be u/(-6)*-2*26. Is -4*t*(-58)/16 composite?
True
Let m(y) = -y**2 + 6*y - 6. Let k be m(6). Is k/(-3)*314/4 a composite number?
False
Let h(p) = -p**2 - 7*p - 4. Let s be h(-7). Let o(l) = -2*l - 6. Let c be o(s). Suppose -2*q - c*i + 12 = -0*i, q - 4*i - 11 = 0. Is q a prime number?
True
Suppose 3*r + 5*w = 29, 5 = 4*w - 11. Suppose r*a = -3 + 15. Is 1175/a - 6/8 a prime number?
True
Let y = -148 + 1. Let i = y - -316. Is i prime?
False
Suppose 4*c - 1 = 5*q - 4, 5*q - 30 = -5*c. Suppose 2*t + q*t = 2*m - 672, -4*m + 1318 = 3*t. Is m a composite number?
False
Let w = -24 - -28. Suppose 3*p - w*l - 582 = -2*l, 3*p = -4*l + 600. Let f = p + -53. Is f a composite number?
True
Let i(v) = 23*v**2 - v - 21. Is i(-11) a composite number?
True
Let w = 155 - 152. Suppose -10*b = w*b - 7657. Is b composite?
True
Let o(z) = 2 - 1 + 46*z - 489*z + 0. Is o(-2) composite?
False
Is 32434/30 - (-9)/((-675)/10) prime?
False
Suppose 0 = -4*u - 14*m + 11*m + 9652, -12065 = -5*u - m. Is u prime?
False
Let n = -11 + 3. Let r be (3 + -4 - n)/(-1). Let f(y) = -14*y + 11. Is f(r) a prime number?
True
Suppose 6*j - j - 24675 = 0. Let v = -2612 + j. Is v composite?
True
Let m be (-235)/(-30) - (-1)/6. Is (508/m)/(4/8) a prime number?
True
Let o(v) = 128*v**2 - 6*v - 19. Is o(-14) composite?
False
Is (2/((-52)/38649))/(6/(-20)) composite?
True
Let k be ((-19)/2)/(2/(-20)). Suppose 1751 - 703 = 4*q. Let h = q - k. Is h composite?
False
Suppose 0 = -b + 2*b + 7. Let g be (-3330)/b - 20/(-70). Suppose 22*t = 18*t + g. Is t composite?
True
Let g = -539 - -836. Suppose 3*n = -3*c + 1662, 4*c - 4*n - 1117 = 1099. Let b = c - g. Is b composite?
False
Suppose -v - 1705 = 3*z - 6209, 3*z - 4484 = 4*v. Suppose 743 = r - x, 4*x - z = -2*r - x. Is r prime?
False
Let z = 7425 - 4742. Is z a prime number?
True
Suppose 0 = -4*j + 2*s - 70 + 1290, 0 = -5*j - 4*s + 1551. Suppose -l + 80 = z - 4*l, -4*z - l + j = 0. Is z prime?
False
Suppose 10*v = 2*i + 14*v - 5026, -2*i + 5016 = 2*v. Is i prime?
True
Let i = 1404 + 15922. Is i a composite number?
True
Let z = 22 + -24. Let q(b) = 24*b**2 + 2*b + 1. Is q(z) a prime number?
False
Let f(h) = -h**3 - 5*h**2 - 5*h - 4. Let a be f(-4). Let q be (-1 - 12) + (a - -3). Is 2/8*-74*q composite?
True
Suppose 5*o - 4*j - 24893 = 0, -4*o - 4*j + 12804 = -7132. Suppose -2*n + 1488 = 3*u - 1832, -3*n - 5*u = -o. Is n composite?
False
Suppose 0 = 3*u - 5*k + k - 4, 2*k = -u + 8. Suppose 0 = -6*h + u*h + 814. Is h a prime number?
False
Suppose -4 = -3*w + 5. Is (4 + 98)/w - 3 a composite number?
False
Suppose -26*x - 76950 = -31*x. Let l = x + -9979. Is l a prime number?
False
Suppose -375 = -3*h + 5*c - 3*c, -2*c = h - 125. Suppose r - 4*r = 3*d + 15, 4*d = -2*r - 22. Let b = d + h. Is b composite?
True
Let r be (1*1452/(-8))/(1/2). Let t = -142 - r. Is t composite?
True
Suppose 12 - 42 = -3*v. Let s = v - 5. Suppose 216 = 2*m - s*y, -4*m + 5*y + 560 = 118. Is m a prime number?
True
Let i(u) = 6*u**2 - 22*u - 9. Suppose 6 = 2*j - 26. Let s be i(j). Suppose 0 = -5*a + 10*a - s. Is a prime?
False
Is 1596 - ((-24)/5 - (-39)/(-195)) composite?
False
Let d = 2208 - 1031. Suppose j = -4*j + 3450. Let z = d - j. Is z prime?
True
Let f be 6*(-4)/(-8) + 1933. Suppose -4*r - v + 3*v = -f, 1457 = 3*r - 4*v. Suppose -2*b + 5*b - r = 0. Is b a prime number?
False
Is (-12)/(-27) - (-166418)/63 a prime number?
False
Let l = 502 + -465. Is l prime?
True
Let c = 6 - 1. Let r(b) = 5*b**3 + 5*b**2 + 4*b - 6. Let j be r(c). Suppose 3*u + u - j = 0. Is u a prime number?
True
Let x = -2281 + 5134. Suppose -4*t = -343 - x. Is t composite?
True
Let l = 121 - 83. Suppose -y - y = -l. Suppose 0*z = z - y. Is z a composite number?
False
Let v = 41 + -38. Suppose 5*m - 3*t - 4053 = -t, 0 = -v*m + t + 2431. Is m a composite number?
False
Suppose -1 - 5 = 3*c. Let y(j) be the first derivative of -41*j**2/2 + j + 21. Is y(c) a composite number?
False
Suppose 9 = k - 2*g, -3*k = 8*g - 11*g - 18. Suppose 2*m - 3682 = 4*o, 5*m - 3683 = 3*m + k*o. Is m a composite number?
True
Let i(d) = -2239*d - 5. Is i(-4) a composite number?
False
Suppose 53*z = 41*z + 28452. Is z prime?
True
Let a(n) = 13*n**2 + 2*n + 1099. Is a(0) a composite number?
True
Suppose y - 2*q = -1969, -q = -2*y - y - 5927. Let n = 2888 + y. Is n prime?
True
Is 21/(-3) - (11 - 20 - 10635) prime?
False
Let b be (-7)/(21/9) + -7869. Is b/(-20) - (-3)/15*2 prime?
False
Let v = 806 - 192. Is v composite?
True
Le